5 - 13. Let x be (-3)/(-3*(j + -1)). Calculate the greatest common factor of 10 and x.
1
Let g(j) be the first derivative of -j**4/2 - j**3/3 - 3*j**2/2 + 2*j - 1. Let a be g(-4). Let c = 10 - -8. Calculate the highest common factor of c and a.
18
Suppose -64*z = -69*z + 20. What is the highest common factor of z and 4?
4
Suppose 3*d = -0*d. Suppose d = -6*g + g + 140. Calculate the highest common factor of g and 4.
4
Let c(i) = -i**3 + 14*i**2 + 16*i - 8. Let s be c(15). Calculate the highest common factor of s and 1.
1
Let o(t) = t - 4. Let c be o(11). Suppose c*l = 2*l + 50. Calculate the greatest common divisor of 90 and l.
10
Let o be 19*8*2/4. Let k be o/2 - (-2 + 5). Suppose 0 = -r + 3*j + 17, -r - j + 2 = 1. What is the greatest common factor of k and r?
5
Suppose -3*g = -138 - 42. What is the greatest common factor of g and 20?
20
Suppose 4*j + 5*q = 1059, j - 4*q - 134 = 115. Calculate the greatest common divisor of 29 and j.
29
Let o(w) = 47*w + 1. Let t be o(2). Suppose 4*k + 456 = 16*k. Calculate the greatest common factor of k and t.
19
Let c(z) = z**3 + 11*z**2 - 6*z - 7. Let n = 0 + -7. Let t be c(n). Suppose -3*q = -0*q - t. What is the highest common factor of q and 7?
7
Let g be 4/(-18) + 230/(-18). Let j = 4 + 18. Let h = j + g. Calculate the greatest common factor of 6 and h.
3
Let w be 46/14 + 6/(-21). Suppose -3*v - 4*r + 13 = 0, 5*v - w*r + 8*r = 25. Let u = 194 + -138. What is the highest common divisor of u and v?
7
Suppose 0 = -n - 0 + 1. Let z be (-8)/(-10)*(-35)/(-14). What is the highest common factor of n and z?
1
Let k(t) be the first derivative of 5*t**2 - 6*t + 4. Let n be k(4). What is the highest common factor of n and 85?
17
Suppose -k - 12 + 52 = 5*y, -3*k - 4*y + 131 = 0. Suppose -3*i - 9 = -4*i. What is the highest common divisor of i and k?
9
Suppose 2*l - 5*x = -6, 3 - 4 = l - 2*x. Suppose 3*d - l = 2*d. Suppose 2*t - d*t + 95 = 0. Calculate the greatest common divisor of 133 and t.
19
Suppose -4*s - t + 24 = 0, s + 11 = 6*t - 2*t. What is the highest common factor of s and 55?
5
Suppose -1 = -2*j + 25. Let k = 23 - j. What is the highest common factor of 40 and k?
10
Suppose 3*t = t + 170. Calculate the greatest common divisor of 17 and t.
17
Let o = 72 + 5. Let z(a) = 2*a**2 - 1. Let g be z(-2). Let v be 1*(g + 2 + -2). Calculate the highest common factor of v and o.
7
Suppose -3*a + 2*i = i - 16, -a + 20 = -4*i. Suppose a*j = 12 + 4. Let t be 426/27 + j/18. Calculate the greatest common factor of 24 and t.
8
Let v be (-9)/(-4)*4/1. Let n = 15 - -21. What is the greatest common factor of n and v?
9
Let a be (0 + (3 - 1))/2 - -17. Calculate the highest common divisor of 63 and a.
9
Let f(u) = u**2 + 8*u + 4. Let k be f(-7). Let b be (81/k)/(-3) - -1. Calculate the greatest common factor of 50 and b.
10
Let r = 18 + -16. What is the greatest common factor of r and 8?
2
Suppose -2*q = 5*w + 5, -2*q + 2*w + 40 = q. Calculate the highest common divisor of q and 40.
10
Let a be (-35)/(-10) + -3 + 65/2. Calculate the highest common factor of 11 and a.
11
Suppose 5*r = r - 32. Let a be ((-10)/4)/(4/r). Suppose 2*z - f = z + 11, -a*f = -3*z + 43. What is the greatest common factor of z and 6?
6
Suppose l - 2 = 77. Let a = l - 16. What is the greatest common factor of 7 and a?
7
Suppose 1 = 3*i - 11. Calculate the highest common factor of 24 and i.
4
Let r be ((-84)/10)/(1/(-15)). Suppose x = -2*k + 10, -x - 7*k = -3*k - 2. Calculate the highest common factor of x and r.
18
Let y(a) = -a + 2. Let f be y(3). Let o be ((-2)/1)/(f/(-2)). Let d be o/(-6)*(-1 - -4). Calculate the highest common factor of 16 and d.
2
Suppose -274 = -5*h - u, -3*h + u + 92 = -66. Let d(s) = 4*s**3 + 2*s**2 - 3*s + 2. Let r be d(2). What is the greatest common divisor of h and r?
18
Let o be 4/(-18) - (-87)/27. Let w = o - 3. Suppose w = -q - 3*q + 12. What is the greatest common factor of 1 and q?
1
Suppose 0 = 4*w + 5*h - 570, w + w - 3*h - 274 = 0. Suppose -n - 5*d + 35 = 0, 2*n + 2*d = -9 + 79. What is the highest common divisor of w and n?
35
Suppose 26 + 19 = -5*c. Let y = -3 - c. Let s be (13/(-5) - 1)*-5. What is the highest common factor of s and y?
6
Suppose -3*y + 3*r + 12 = -0*y, -3*r = -2*y + 12. Suppose 0 = -4*k + 2*j - j + 58, -2*k + 3*j + 34 = y. Calculate the highest common divisor of k and 42.
14
Suppose 0 = -5*b + 39 + 191. What is the highest common factor of b and 23?
23
Let b be 8/(-28) - (-550)/14 - 3. What is the highest common divisor of b and 9?
9
Let c = 68 + -48. Let q be 172/c - 2/(-5). Let g(i) = -4*i - 6. Let n be g(-6). Calculate the greatest common factor of n and q.
9
Suppose 6*m = 4*m + 26. Calculate the greatest common factor of m and 26.
13
Suppose 0 = 5*b - 2*a - 666, -279 = -2*b + 5*a - 0*a. Suppose 2*c - b = -c. Calculate the greatest common factor of 4 and c.
4
Suppose -i - 4 + 2 = 0. Let g be (8/10)/(i/(-5)). Suppose -232 = -g*l + v, 2*l - 5*v = -l + 341. Calculate the greatest common factor of l and 13.
13
Let m(z) = z**2 + 5*z + 5. Let x be m(-6). Suppose 23 + 43 = 3*j. What is the greatest common factor of x and j?
11
Suppose 17*s + 16 = 21*s. Calculate the greatest common divisor of 24 and s.
4
Suppose -5*j + y + 94 = -280, 2*j - 155 = -5*y. Let i = j - 42. Let u = 6 - 3. Calculate the greatest common divisor of i and u.
3
Let x be 46/9 - (-5)/(-45). What is the highest common divisor of 45 and x?
5
Let s(z) = z**3 - 4*z**2 + 4*z - 1. Let g(t) = t**2 - 3*t - 7. Let l be g(5). Let d be s(l). What is the highest common divisor of 14 and d?
2
Let y be 2/5 + (-373)/(-5). Let i(g) = g**2 - 5*g - 9. Let j be i(8). What is the highest common factor of j and y?
15
Suppose 5*c - m - 7 = -2*m, 2 = 4*c - m. What is the greatest common divisor of c and 1?
1
Suppose 5*r - 8 = 2*x, 4*r = 2*x + 2*x + 28. Suppose 4*z = j - 39, 5*z + 3*j = 5*j - 51. Let o be (-12)/x*z/(-6). What is the highest common factor of 4 and o?
2
Let f be ((-3)/9 - (-13)/3) + 3. What is the highest common factor of f and 49?
7
Let z be 1122/6*(1 - 0). Suppose z = -6*m + 7*m. Calculate the highest common divisor of 17 and m.
17
Suppose 3*t = 4*t - 3. Calculate the highest common divisor of 3 and t.
3
Let c(t) = -t**3 + 9*t**2 + 6*t + 18. Let g be c(9). What is the greatest common divisor of g and 8?
8
Let s be 2/(-4) + (-10)/(-4). Let u = 26 - s. Let d = 159 + -87. Calculate the highest common divisor of d and u.
24
Let j = 5 - -4. Let q = -8 - -11. What is the greatest common divisor of j and q?
3
Let t(m) = -4*m - 9. Let l be t(-5). What is the greatest common factor of 44 and l?
11
Let u = -31 - -59. Suppose -6*k + 3*q = -k - 14, -k - 4*q + 12 = 0. Suppose -70 = k*d - 9*d. Calculate the highest common factor of d and u.
14
Let d = -85 + 92. Calculate the greatest common divisor of d and 35.
7
Let m = -5 + 15. Let w = 44 + 6. Calculate the highest common factor of m and w.
10
Let l = 14 - 9. Suppose -l*g + 15 = 2*x, -2*x + 5*x = 3*g - 30. What is the highest common factor of 5 and g?
5
Suppose -14*h = -19*h + 510. What is the greatest common factor of 34 and h?
34
Let u(s) = s**2 - 8*s - 9. Let f be u(10). Let n be 4/8*-22*-3. What is the highest common factor of n and f?
11
Let v = 32 - 18. Let h = v + -8. Let j = 20 - h. Calculate the greatest common factor of 2 and j.
2
Let a = 4 - -32. What is the greatest common factor of a and 324?
36
Let m(c) = -c**2 - 3*c + 4. Let g be m(-3). Let k be 34/g + 1/(-2). Let v(t) = t**2 - 6*t + 6. Let w be v(5). Calculate the highest common divisor of k and w.
1
Let j be 710/10 + 0 + 1. Suppose -2*y - y = -j. Calculate the highest common divisor of y and 6.
6
Let n(m) = -m**3 + 15*m**2 + 4*m - 4. Let s be n(15). Calculate the greatest common divisor of s and 14.
14
Let x(l) = -8*l + 6. Let o(m) = -1 + 2 + 1 - 7 + 9*m. Let h(r) = 7*o(r) + 6*x(r). Let c be h(1). Calculate the highest common divisor of c and 2.
2
Suppose 0 = 8*o - 604 - 260. Suppose 0*k - 12 = -3*k. Suppose -2*z + 24 = 2*r, k*r - 2*z - 24 = 2*r. Calculate the highest common factor of o and r.
12
Let w = 0 + 4. Suppose 7*q = -4*n + 4*q + 114, -2*n + w*q = -46. What is the highest common factor of 9 and n?
9
Let z(l) = -34*l + 2. Let o be z(-1). Calculate the highest common divisor of o and 54.
18
Let u be (2 + 0)*(-18)/(-4). L